mon factor of x and 7?
7
Suppose 139*l - 273 = 6155 + 522. Suppose 76 = p - c, -299 = -4*p - 3*c + 2*c. Calculate the highest common factor of l and p.
25
Let y = 27 + -27. Let v be (-4 - -85)*(-1 - -2) + y. Calculate the greatest common factor of 36 and v.
9
Let v = -189898 + 190404. Let w(b) = -47*b - 3. Let z be w(-3). Calculate the highest common divisor of v and z.
46
Suppose l - 2*i = 170 + 69, -2*l + 3*i = -473. Calculate the highest common factor of 1 and l.
1
Let z be 2/12 + 366/(-36). Let x be (29 - -3)/(z/175*-5). What is the highest common factor of x and 21?
7
Let u be (-1474)/33*((3 - -1) + -1). Let y = 218 + u. What is the highest common divisor of 42 and y?
42
Suppose 4790 = 5*q - 5*r, 950*q + 4*r - 2867 = 947*q. What is the greatest common factor of 66 and q?
33
Suppose 2*f + 5*a = 164, -f + 585 = -4*a + 529. Calculate the greatest common divisor of f and 1524.
12
Let j be (8/12*3)/(16/60656). What is the greatest common divisor of j and 34?
34
Suppose -8 = -4*z - 0. Let s = 506 - 483. Suppose 4*k - 75 = -3*n, -18*k + 5*n - 95 = -s*k. Calculate the highest common divisor of z and k.
2
Let k(w) = -2*w**3 + 97*w**2 + 60*w - 513. Let f be k(49). What is the highest common factor of f and 3809?
13
Let k(h) = h**2 + 41*h - 432. Let r be k(9). What is the greatest common factor of r and 1254?
6
Let t = 59 + -32. Let u(f) = 79*f + 4. Let k be u(4). Suppose 4*z = -2*b + 326, 3*z - 7*z + 4*b = -k. What is the greatest common divisor of z and t?
27
Suppose 0 = 6*b - 175 + 25. Let a = -61 + 85. Let i be 48/9 + (-8)/a. Calculate the greatest common divisor of b and i.
5
Let j be (-1*1)/((1 + 0)*-1). Let q be 0*((-12)/(-8) - (j - -1)). Let y be q + -3*(-11)/3. Calculate the greatest common factor of 33 and y.
11
Let z(u) = 3*u**2 - 4*u - 4. Let f be z(-2). Suppose 5*k = 5*b + 110, -b - 3*b = f. What is the greatest common divisor of 24 and k?
6
Suppose -78*z - 42185 = -133*z. Calculate the highest common factor of z and 52.
13
Let n(y) = -y**3 + 22*y**2 + 32*y - 142. Let s be n(23). What is the greatest common factor of 767 and s?
13
Suppose -1754*p + 11256 = -1726*p. Calculate the highest common factor of p and 2479.
67
Suppose 13*q - 45863 - 512 = 11514. Calculate the highest common divisor of 73 and q.
73
Let h = -91 + 81. Let j be h/(-90)*0 + 1*-4. Let v be 2/(j + (315/26)/3). Calculate the highest common divisor of 156 and v.
52
Let x be 3/(5/((-260)/6)). Let z = 26 + x. Let a(v) = v + 20. Let k be a(z). Calculate the highest common divisor of 4 and k.
4
Let t be (-2)/8 + 5/20. Suppose -3*o + 5*h = -31, 2*o + 2*h + 0*h - 26 = t. Let b be 1004/o + 3/9. What is the highest common divisor of b and 21?
21
Suppose -m = -t - 2, 7*t - 12*t = -m - 10. Suppose q - 4*k + m*k = 68, -4*k = 16. Suppose 3*u - 19 - 53 = 0. Calculate the greatest common factor of q and u.
24
Let r = 8 + -4. Let a(x) = -6*x - 61. Let b(k) = 13*k + 92. Let p(w) = 8*a(w) + 5*b(w). Let z be p(r). What is the greatest common factor of 40 and z?
40
Let g(v) = 22*v + 24. Let x be g(-1). Suppose -u + 15 = -c - 195, x*u + 5*c - 406 = 0. Calculate the highest common divisor of u and 32.
16
Let t(j) = -3*j - 103. Let h be 4 - ((-875)/(-21) - (-8)/(-12)). Let s be t(h). What is the highest common factor of 44 and s?
4
Suppose z - 16 = 3*l, -4*l + 5*z - 14 = 22. Let s be l/(-1) + -1 + -7 - -309. Suppose 0 = 9*q + s - 1250. Calculate the highest common divisor of 15 and q.
15
Let x = 230 - -340. Suppose 81*z - 78*z - x = 0. Calculate the highest common factor of z and 38.
38
Let v = -6265 + 7485. What is the greatest common factor of 70 and v?
10
Let r = 7392 + -6906. Calculate the highest common factor of r and 540.
54
Let y be (-5 + -1)*(-5 + (-52)/(-39)). Suppose -k + 35 = -5*g, -3*g = 2*k - 35 - y. Let r = 191 - -49. Calculate the greatest common factor of r and k.
30
Let w(d) = 15 - 9 - 17*d**2 - d**3 - 15*d + 11. Let v be w(-16). Let p be ((-19)/(-7) - v)/(10/245). Calculate the highest common divisor of p and 6.
6
Let s(x) = 2*x**2 - 14*x - 12. Let i be s(-14). Suppose 0 = -5*f + 32*f - 972. What is the greatest common factor of f and i?
36
Let i(o) = 2*o**2 - 12. Let t be i(-4). Let d be 104/t*7*5. Calculate the highest common divisor of d and 26.
26
Let q be 190 + (-6)/((-3 - -4)*-2). Let j = q - -29. What is the greatest common factor of j and 37?
37
Suppose 0 = 4*t - 0*t - 280. Suppose -20*z + 3302 + 8390 - 492 = 0. What is the greatest common factor of z and t?
70
Let i(d) = 553*d - 529. Let t be i(1). Suppose -x + 24 = 2*x. Calculate the highest common factor of t and x.
8
Let g be (20/(-30))/(2/(-12)). Suppose 2*y = 6*y - 3*h - 1281, 952 = 3*y - g*h. Calculate the greatest common divisor of y and 36.
36
Let z be ((3 - -9) + -7)*-1 - -445. Calculate the highest common divisor of 90 and z.
10
Let n = -196336 + 196385. Let l = 11 - -3. Calculate the highest common divisor of l and n.
7
Let u(j) = -j**2 - 13*j - 8. Let b be u(-12). Suppose -2*o + 92 = 2*o + b*a, -a = 2*o - 43. Let k = 104 + -96. Calculate the greatest common factor of k and o.
4
Let q(t) = 2*t**3 + 6*t**2 + 38*t - 42. Let f be q(15). What is the highest common divisor of 48 and f?
12
Suppose -57 = -3*b + 69. Suppose 0 = f - 4*z - b, 3*f - 67 + 1 = -3*z. Suppose -42*v + 43*v - f = 0. Calculate the highest common factor of 26 and v.
26
Let k(y) = y**3 - 8*y**2 + 9*y - 20. Let l be k(7). Let o(x) = x + 40. Let q be o(l). Calculate the highest common divisor of 1258 and q.
34
Suppose 0 = -24*u + 55041 - 20385. Calculate the greatest common factor of u and 19.
19
Suppose 12*i - 75 = 7*i. Suppose -23*l - 432 = -i*l. Let r = 72 + l. Calculate the greatest common factor of r and 36.
18
Suppose 2*g - 9*g - 133 = -1183. Suppose 0 = -3*z + 4*z - 45. Let f = z + -15. Calculate the highest common factor of f and g.
30
Let d(r) = 10*r**2 - 67*r - 102. Let v be d(8). Calculate the greatest common divisor of v and 14.
2
Suppose 0 = -1101*x + 1091*x + 60. Let b be 214/3 - 2/(-3). Suppose -x*y + b = -2*y. Calculate the greatest common divisor of 6 and y.
6
Let n = -1145 + 1183. Let m = -28 + 47. What is the highest common factor of m and n?
19
Suppose 7*w - 89 - 2 = 0. Suppose -9*v + 4*o = -w*v + 908, 2*v + 4*o - 460 = 0. Calculate the greatest common factor of 28 and v.
28
Let y be 1319 + -1 + ((-2)/(-10))/((-76)/760). What is the greatest common factor of 141 and y?
47
Suppose v = -v + 6. Let u be 8/v*18/(-12). Let s be (u - -1 - -2)*-11. Calculate the greatest common factor of s and 121.
11
Suppose 5*i - 69 + 322 = 4*s, 4*s - 259 = 3*i. Let l = 4961 + -3420. Calculate the highest common factor of s and l.
67
Let i(h) be the first derivative of -h**2/2 - 5*h + 9. Let b be i(-11). Let d be 330/12*-2*b/(-15). What is the highest common divisor of 77 and d?
11
Let g(o) = o**3 + 7*o**2 - 6*o + 7. Let v be g(-7). Suppose v + 3 = -2*i. Let r = i + 51. Calculate the greatest common divisor of 200 and r.
25
Suppose 0 = -2*w - 9 + 27. Let k be (-544)/(-6) - 6/w. Suppose 198 + 1890 = 58*o. Calculate the greatest common divisor of o and k.
18
Suppose -3*t = 4*x - 458, -4*t = -4*x - 140 + 612. Let s = -17 - -46. What is the greatest common factor of s and x?
29
Let u(v) = 24 + 24*v**2 - 2*v**2 - 9*v**2 - 2*v**2 - 5*v**2 + 82*v. Let q be u(-15). What is the highest common divisor of q and 108?
36
Let i(o) = -o**3 + 20*o**2 + 2*o + 43. Let g be i(20). Suppose g*k - 80*k = 282. Calculate the greatest common factor of k and 470.
94
Suppose 0 = -4*g + 222 + 34. Suppose -324 = -13*f - g. Calculate the highest common divisor of 40 and f.
20
Let t(q) = -2*q**2 - 4*q - 2. Let n be t(-2). Let b = 2 + n. Suppose b = 3*p + v - 84, 0 = 5*p - 2*v - 173 + 44. What is the greatest common divisor of 9 and p?
9
Let r(h) = 61*h**2 - 9*h - 1. Let w be r(-2). Calculate the highest common factor of w and 63.
9
Let y = 73336 + -42728. Calculate the highest common divisor of 16 and y.
16
Let p(l) = 7*l - 103. Let c be p(15). Suppose c*o - 10*o = -1320. Calculate the greatest common divisor of o and 15.
15
Let u = 86 + -34. Suppose 5*a = 3*a + u. What is the greatest common divisor of a and 13?
13
Suppose 10*y = 20*y - 60. Suppose -2*t = -4 - 0. Suppose -c - t*c = -72. What is the greatest common factor of y and c?
6
Suppose 0 = -2*k + 3*u + 129, 99*k